
Calculate (-608 - -605) + (10 - -1) - 30.
-22
(1 + 8 + (46 - 61) + 11 - 5) + 38
38
What is -355 - -330 - (0 - -14 - 3)?
-36
What is the value of 5 - (-76 + 46 + -8)?
43
4 - -3 - (88 - 90) - (2 - -27)
-20
Calculate (-13 - 0 - (-29 + -18)) + 1 + 5.
40
(26 - (7 - 5)) + 72 + -88
8
What is the value of 24 + 54 + -26 - 33?
19
Calculate (36 - 116) + (119 - -33).
72
Evaluate (69 - 94) + 32 - (3 - -54).
-50
Calculate -530 - -489 - (22 + 3).
-66
Calculate -61 - ((-1 - 11 - -1) + (72 - 78)).
-44
0 + 24 + (-20 - -24) + -17
11
What is (1 - (1 + -6) - 6) + -3 + (79 - -14)?
90
Calculate 15 + (11 + 3 - ((-8 - 26) + -8)).
71
10 + -8 + -3 + 35 + -113
-79
What is the value of (-7 - (6 - 23)) + -6 + (-4 - 5 - 6)?
-11
What is the value of -46 + 95 + -31 - (106 + -2)?
-86
What is the value of -24 + (-5 - 15) + 43?
-1
-44 + (107 - (55 + -13))
21
What is -58 + (7 - (5 + -5 - -11 - -2)) + -1?
-65
What is the value of (0 - (-19 - -15 - 12)) + -10 + 14?
20
106 + -45 + (-17 - (-4 + 5 - 5))
48
Calculate -26 + (73 - -1 - (699 + -677)).
26
Evaluate -116 + (-29 - -37) - 6.
-114
Calculate 16 + (-8 - (15 - (-8 - -20)) - (-12 - -1)).
16
What is the value of (24 - (-13 + -28)) + -25?
40
Evaluate (-1118 - -1103) + (-3 + 1 - -35).
18
-11 + 20 - 17 - (-70 + 8) - -8
62
Calculate (-79 - (-5 + 1) - (108 - 126)) + 6.
-51
-49 + 4 + 1 + (24 - 64 - -34)
-50
What is the value of (-19 + -2 - (-2 - -2)) + -10719 + 10674?
-66
Calculate -4937 + 4953 - (-4 - (0 + -1 + 3)).
22
What is the value of (4 - 0) + -70 + (-86 - -124)?
-28
Evaluate (-5 + 1 - (-5 + 22)) + 9 - 80.
-92
(-39 - -95 - 6) + -93
-43
Calculate 15 - (22 - (23 - 17)) - (-80 + (-2 - -4)).
77
What is 0 + 2 + 2 + -4 - (158 + (82 - 122))?
-118
Evaluate -39 - ((44 - -55) + -77).
-61
What is the value of -3 - 67 - (63 - (17 - -59))?
-57
Calculate 6 - -87 - 47 - 90.
-44
What is (42 - -3 - 0) + (2654 - 2673)?
26
21 - ((14 - 15) + 17 + -7) - 49
-37
-2 + 1 - (2 + -21 + -645 + 667)
-4
3 + (-18 - (25 - (-13 + 94)))
41
Evaluate -90 + (22 - (19 - 36 - -55)).
-106
What is the value of 5 + 1 - (-10 + 0 + 11 + -14 + -10)?
29
What is 0 + -34 + (-14 - ((-5 - 10) + 3) - -12)?
-24
135 + (-11 - (-7 - (8 - (-9 - -17))))
131
What is -71 - (2 + (-12 - -10 - -15) + -32)?
-54
What is the value of 25 + -5 - (-53 + 32)?
41
What is -54 + (-35 + 23 - 10)?
-76
(14 - 2) + -7 + (68 - (-9 + 20 + -6))
68
Calculate -17 + -51 + 91 - 140.
-117
What is the value of -1 - (5 - 1) - (-38 - (-4 + -28 + 26))?
27
-30 + (-24 - -31) + 17 + -15 + -44
-65
2 + 3 + (-26 - -1) + 5 - (223 + -128)
-110
What is the value of 22 + 54 + (-74 + 67 - (6 + -1))?
64
-16 + 38 + -93 + 64
-7
-19 - (-37 + 14 - -13 - 0) - (17 + 3)
-29
What is -102 + (37 - 31 - (1 + 0 + -5 + -4))?
-88
(-47 - -56) + -35 - -58
32
What is 23 - (89 + -18) - -18 - -50?
20
Calculate -34 + (111 - 55) + (-128 - -1) + -6.
-111
(-1 - -30 - 36 - -11) + (-32 - -1)
-27
Calculate 17 + (53 + -46 - 94) + (11 - 1) + 1.
-59
Calculate (-2 - (13 + -28 - -13) - (6 + 1)) + 51.
44
What is the value of 6 - (-20 + 38 + -20 - 10 - (-55 - -2))?
-35
Calculate -28 + -60 + (-10 + 10 - 28).
-116
Evaluate -22 - 3 - (-2565 + 2567).
-27
What is the value of (52 - 7) + -5 - ((8 - 1) + -7)?
40
What is 0 + 4 + (-33 + 67 + -9 - 14)?
15
What is the value of -55 - (-6 + -48 + -53)?
52
What is the value of -1 + (-24 - -4) + 1704 + -1682?
1
What is -48 - ((52 - 59) + -44)?
3
Evaluate -125 - -33 - (-16 + -66).
-10
What is the value of -12 - (-1 - -8 - (29 - (6 - -6)))?
-2
Calculate -11 + (-1 - -14) + -49 + (72 - 42).
-17
What is -16 - (-19 + 26) - -36 - -6?
19
-40 - (-40 + 71 - 43 - (1 - 17))
-44
-34 - (-5 - -7 - 8 - (-4 - (0 - -1)))
-33
Calculate -2 - (-7 + 11 + -16 - -16).
-6
-85 + (-37 + 15 - -110)
3
Evaluate 13 + -186 + 190 - (1 - 20).
36
What is the value of (-19 - (-3 - 14)) + -7?
-9
(-20 - (-29 + -1)) + -7 + 5 + 1
9
2 + (-43 - (3 - 16) - -19)
-9
What is the value of -14 + -41 + 0 + (437 - 421)?
-39
What is the value of 27 - (28 + (17 - 3 - 52))?
37
Evaluate -32699 + 32721 + 20 + (-2 - -1).
41
What is the value of -36 + -81 + (121 - -38)?
42
Calculate 12 + -17 + (50 + -101 - -5).
-51
What is (88 - (64 + 39)) + 1 + -13?
-27
What is (11 - 5) + (-12 + 25 - (11 + -5))?
13
What is the value of 76 + 15 + -15 + 0 + 17 + 1 + -7?
87
-11 + 53 + (-13 - 4 - -1) + 35
61
(35 + -58 - -5) + -5
-23
Calculate -6 + 0 + (-16 - (49 + 6 - -4)).
-81
What is the value of 6 + 4 + -2 + -37?
-29
Calculate 7 + 35 + (51 - 79).
14
What is 97 + -52 + -94 - -9?
-40
Calculate 38 + 20 + 7 + -96.
-31
Evaluate (-195 - -89) + 110 + 16.
20
Evaluate -28 - 84 - (9 - (-6 - -46)).
-81
-72 + (21 + (5 - 20) - 6)
-72
What is the value of 9 + 86 + -28 - (-3 - -1 - -13)?
56
(-12 - (8 + (-6 - -4))) + (35 - 34)
-17
Calculate 4 - (9 + (-17 - (9 - (-12 + 26)))).
7
Calculate 54 + -31 + (12 - 28).
7
What is -19 + -18 + (-20 - -39) + -11 + -1 + 4?
-26
Calculate -123 - -120 - (9 - 25 - (-2 + 3)).
14
What is the value of (-3 + 3 - -28) + -198 + 176?
6
What is the value of (-5 - 7) + 12 + -1 + 24?
23
Calculate (15 - (54 + (7 + 8 - 23))) + 0.
-31
Calculate 1 + -6 + -3 - (45 - (-14 + 57)).
-10
Calculate -6 - -28 - 45 - (18 + -2 + 9).
-48
What is -59 - (10 + -18 + 33 + -28 + -10 + -1)?
-45
What is the value of -19 - (-116 - (-44 + -20))?
33
8 - ((6 - 3 - (30 - 24)) + 1 + -2)
12
Evaluate -7 + (7 - (-3 + -4 + -1 + -1)).
9
Evaluate (30 - 9) + -5 + -1 - (7 + 3).
5
What is the value of 3 - -1 - (-160 + 87 - -74)?
3
What is the value of 17 - 0 - (-687 + 708) - -25?
21
Calculate -6 - (-5 - -4 - 12 - -11 - 17).
13
Evaluate -3 + (3 - -5) + (-1 - 93) + 3 + 6.
-80
What is the value of (-166 - (-178 - -94)) + 11?
-71
-2 + 128 + -23 + (-18 - 7)
78
-16 + 25 + -6 + (-15 - -25)
13
-93 + -14 + 22 - (-11 + -11)
-63
What is the value of 41 + (2 - -1) + (-1 - 31) + 27?
39
What is the value of 8 + (95 - (107 - 54))?
50
What is -91 + 92 - (4 - 17) - (-2 + 17)?
-1
-1 + 8 - ((-20 + 103 - 47) + -117)
88
What is the value of (-8 - (-9 - -11)) + (15 + -6 - 35 - -6)?
-30
Calculate -19 - -7 - (7 - (-29 + (12 - 0))).
-36
78 + -227 - (-5 - (-7 - (-15 - -7)) - 8)
-135
What is -72 + 8 + -1 + 61?
-4
(-13 + 18 - 26) + (119 - 42) - 22
34
Calculate (-22 + 23 - (2 - -12) - -54) + (-3 - 1).
37
What is -22 - (-6 + -5 + -19 + 9) - (2 - 11)?
8
-4 + 11 + (4 + 0 - (62 + -54) - -42)
45
Calculate 115 - ((-12 - -1) + 2) - (20 + -3 - 20).
127
What is (26 + -27 - 14 - -5) + -14?
-24
Calculate 44 + 41 + -70 + -76.
-61
What is 71 + -85 + (31 - -49)?
66
What is 16 + -6 + (48 - (5 - (2 - -6))) + -8?
53
What is the value of -52 - (15 - (196 - 101))?
28
What is 17 + 65 + -24 - 43?
15
(23 - (16 - -13)) + 2 + 8 + 3 + -18
-11
What is the value of -19 - (41 + (-37 - -5 - -15))?
-43
What is 4 - ((54 - (-16 - -10 - -3)) + -10)?
-43
Calculate (-86 - -110) + (-25 - -3).
2
What is the value of (0 - -1 - 6) + (-575 - -574) - -33 - -9?
36
What is the value of 2 - (24 + 1 + 17)?
-40
What is the value of (7 - (37 + -46 + 4 + -1)) + 57?
70
65 + 17 - 66 - (-130 - (-2 - 0))
144
What is the value of (-33 - ((68 - 54) + -105)) + (-19 - 1)?
38
16 + 7 + -140 - ((5 - 2) + 9 + 0)
-129
(-13 - -1) + -10 + (4 - -29) + 18 + -2
27
Evaluate (2 - (17 - 37 - -30)) + -3.
-11
Evaluate 100 + -25 + (2 - 5 - (-17 + 18 + -11)).
82
What is the value of 48 + 5 + -52 - (0 + 10) - -4?
-5
(13 - 22) + -1 + (-3 - 10) - 6
-29
5 - (3 - (101 + (-19 - -8) - -5))
97
Calculate -40 - -43 - 50 - -14.
-33
Evaluate 35 - (15 - 6) - (7 + 3).
16
What is 91 + (72 - (113 + -23))?
73
What is -8 - ((2 - 11) + -104 + 44 - 0)?
61
What is (97 + -20 - 41) + -129 - -4?
-89
What is 6 + (-49 - (-4 + 6 - (-16 - -7)))?
-54
Calculate 29 - (146 - 19) - -78.
-20
27 - (-18 - (-46 - -19)) - (66 - -4)
-52
Evaluate (187 - 198) + (36 - (4 - 5)) + (11 - 7).
30
Evaluate 82 - 17 - -13 - 49.
29
What is the value of -32 + 49 + (-13 - 8)?
-4
Evaluate -22 + (41 - 51) + 101 - (-1 + -2).
72
What is the value of -22 - (49 + (-101 - -6))?
24
Calculate -14 - (-17 - -23 - -1) - -13.
-8
What is the value of -46 + 90 + (-26 - -14)?
32
What is the value of 25 + -13 + 84 + -11 + (-7 - (-7 + 9))?
76
-12 + (0 + -3 - -4 - (-978 - -963))
4
Evaluate 99 + -95 + -1 - -8.
11
What is -1 + 0 - -5 - (250 + -255) - -74?
83
What is -9 - ((2 - (18 - -41)) + (-1 - -15))?
34
(126 - (-15 - (-30 + 16))) + -33
94
Calculate (8 + -16 - 92 - (-16 - -33)) + (2 - -10).
-105
